 r**3 - 2*r**2 - 3*r - 5. Calculate z(4).
15
Let i(t) = -t**2 + 7*t - 5. Give i(4).
7
Let m(b) = 3*b - 6. Calculate m(-5).
-21
Let t(u) = -u**3 - 11*u**2 + 2*u + 10. What is t(-11)?
-12
Let h(r) = r**3 + 21*r**2 + 39*r - 8. Calculate h(-19).
-27
Let t(o) = o**3 + 3*o**2 - 6*o + 1. Determine t(-4).
9
Let t(z) = -4*z**3 - 3*z**2 + 11*z - 9. Give t(1).
-5
Let h(a) = a**3 - 22*a**2 - 71*a - 97. Determine h(25).
3
Let z(a) = a**2 + 3*a - 4. Give z(-9).
50
Let z(f) = -3*f**2 - 17*f + 3. Determine z(-6).
-3
Let v(g) = -g**3 + 8*g**2 - 10*g + 12. What is v(6)?
24
Let d(y) = y**3 + 5*y**2 + 2*y - 5. Determine d(-3).
7
Let i(x) = 5*x**3 - 2*x**2 - 4*x - 7. What is i(-2)?
-47
Let m(o) = o + 8. What is m(-5)?
3
Let u(d) = -d**2 - 7*d. Give u(-8).
-8
Let p(d) = d**2 + 6*d + 3. Give p(-3).
-6
Let i(o) = 14*o - 108. Determine i(8).
4
Let u(c) = -c**2 - 4*c + 33. Give u(-8).
1
Let g(m) = -2*m**2 + 14*m - 31. Determine g(6).
-19
Let d(v) = 4*v - 120. What is d(37)?
28
Let p(a) = -5*a**2 + 82*a + 57. Calculate p(17).
6
Let v(l) = -8*l + 24. Determine v(-6).
72
Let b(z) = 61*z - 5. Give b(1).
56
Let r(n) = -n**2 - 4*n - 9. Calculate r(-3).
-6
Let o(b) = b**3 - 6*b**2 + 13*b - 3. Determine o(4).
17
Let q(h) = h**3 - 13*h**2 + 2*h + 15. Calculate q(13).
41
Let c(f) = -f**3 + 14*f**2 + 18*f + 6. Give c(15).
51
Let q(z) = -5*z - 8. What is q(3)?
-23
Let v(i) = i**2 - 5*i + 4. What is v(5)?
4
Let i(w) = w**3 + 9*w**2 + 9. Determine i(-9).
9
Let n(u) = u**3 + u**2 + u + 84. Give n(0).
84
Let d(y) = -y**2 + 10*y - 1. Calculate d(11).
-12
Let t(m) = -m**2 - 9*m + 5. What is t(-7)?
19
Let p(t) = t**2 - 3. Determine p(-3).
6
Let n(u) = -u**2 - 20*u + 57. Give n(-23).
-12
Let j(x) = -4*x**3 + x**2 - x. Calculate j(2).
-30
Let z(u) = 4*u**3 + 2*u**2 - 3*u + 2. Give z(1).
5
Let k(v) = 3*v + 26. Calculate k(15).
71
Let x(d) = d**3 + 4*d**2 - 4*d + 2. What is x(-4)?
18
Let o(n) = 6*n - 7. Give o(-6).
-43
Let m(y) = 91*y - 192. Calculate m(2).
-10
Let l(j) = j**2 - j - 8. Give l(6).
22
Let a(n) = -n**3 + 10*n**2 - 4*n + 2. Calculate a(10).
-38
Let q(u) = -u**3 - 35*u**2 + u + 49. Calculate q(-35).
14
Let d(i) = i**3 - 12*i**2 + 14*i - 22. Give d(11).
11
Let m(s) = s**3 - 8*s**2 + 44*s - 358. Calculate m(8).
-6
Let o(l) = 2*l - 2. Determine o(-3).
-8
Let s(q) = q + 15. Determine s(-4).
11
Let r(m) = m**2 - 19*m + 14. Calculate r(16).
-34
Let t(m) = m**3 - 14*m**2 + 10*m + 22. What is t(13)?
-17
Let u(x) = -4*x + 12. Determine u(4).
-4
Let x(a) = -2*a**2 - 11*a + 2. What is x(-6)?
-4
Let i(h) = 72*h**3 + h. Calculate i(-1).
-73
Let p(a) = -a**3 - 19*a**2 + 2*a + 10. What is p(-19)?
-28
Let u(p) = -p**3 - 11*p**2 - 6*p - 15. Calculate u(-11).
51
Let p(x) = -3*x - 35. What is p(-12)?
1
Let k(x) = -10*x**3 - x**2 - x. What is k(-1)?
10
Let y(k) = -84*k + 509. What is y(6)?
5
Let s(g) = g**3 - 13*g**2. What is s(13)?
0
Let t(o) = o**2 + 4*o - 113. Determine t(9).
4
Let x(t) = 12*t**2 + 3*t - 1. Calculate x(1).
14
Let z(p) = -69*p + 288. Determine z(4).
12
Let z(v) = -v**2 + 29*v + 101. Give z(32).
5
Let c(l) = l**2 - 10*l + 9. What is c(8)?
-7
Let p(y) = -y**3 - 14*y**2 - 16*y - 13. Give p(-13).
26
Let d(s) = -s + 3. What is d(8)?
-5
Let z(g) = -3*g - 13. Give z(-9).
14
Let k(y) = -y**3 + 4*y**2 - 3*y - 5. What is k(3)?
-5
Let v(i) = -16*i + 85. What is v(4)?
21
Let n(o) = o**3 + 11*o**2 + 9*o - 10. What is n(-10)?
0
Let j(i) = i**3 + 25*i**2 - 25*i + 47. Give j(-26).
21
Let u(p) = 6*p - 15. What is u(6)?
21
Let q(v) = 130*v - 1. What is q(1)?
129
Let u(k) = -k**2 + 4*k - 1. Give u(2).
3
Let o(c) = c**2 + 8*c + 23. What is o(-6)?
11
Let t(g) = 2*g + 23. What is t(-9)?
5
Let a(g) = -2*g**2 - 14*g - 8. What is a(-6)?
4
Let d(u) = 101*u**3 + 2*u**2. Give d(1).
103
Let p(q) = 5*q**2 + 22*q - 19. Determine p(-5).
-4
Let c(w) = w**2 - 14*w + 11. Calculate c(9).
-34
Let s(x) = -x**3 + 10*x**2 - 16*x + 2. Give s(7).
37
Let l(b) = -b**3 + 7*b**2 - 16*b + 9. Calculate l(5).
-21
Let z(o) = o**2 + 2*o + 4. Calculate z(-4).
12
Let d(o) = -132*o + 922. Calculate d(7).
-2
Let r(p) = 2*p - 39. What is r(16)?
-7
Let n(r) = -r**3 + 18*r**2 - 3*r - 11. What is n(18)?
-65
Let i(m) = -2*m**3 - m**2 - 5*m - 2. Calculate i(-3).
58
Let l(d) = -2*d**2 + 6*d. What is l(0)?
0
Let n(j) = j**2 + 18*j + 41. Give n(-16).
9
Let d(y) = 32*y + 3. Give d(-3).
-93
Let l(p) = -p**3 - 5*p**2 + 12*p + 49. Calculate l(-5).
-11
Let m(x) = 22*x - 98. Calculate m(5).
12
Let g(q) = 2*q**3 + 9*q**2 - 17*q + 8. Give g(-6).
2
Let h(g) = -g**2 + 2*g + 19. Calculate h(8).
-29
Let n(v) = -2*v**2 + 2*v - 5. What is n(4)?
-29
Let j(r) = -5*r - 13. Determine j(-2).
-3
Let b(h) = h - 7. Determine b(-1).
-8
Let l(d) = d**3 - 8*d**2 + 9*d + 1. Give l(7).
15
Let w(c) = 4*c**2 + 80*c - 88. Calculate w(-21).
-4
Let j(o) = -2*o**3 + 3*o**2 + 9*o. Determine j(4).
-44
Let q(z) = -z**3 - 7*z**2 - 6*z + 6. Calculate q(-6).
6
Let p(l) = -4*l + 18. Give p(-4).
34
Let z(v) = -21*v - 63. Determine z(-3).
0
Let s(t) = t**3 + 7*t**2 - 10. Calculate s(3).
80
Let m(q) = q**3 - 7*q**2 - 2*q + 1. Give m(7).
-13
Let r(j) = 68*j - 2. Calculate r(-1).
-70
Let g(t) = -t**2 - 3*t - 11. Give g(-5).
-21
Let h(i) = -7*i**3 + 22*i**2 + 64*i - 1. Determine h(5).
-6
Let d(l) = l**3 - 11*l**2 + 17*l + 5. Determine d(9).
-4
Let r(h) = 110*h**2 + 770*h - 6. Calculate r(-7).
-6
Let y(w) = 31*w**3 + w. Determine y(1).
32
Let k(d) = -8*d + 3. Give k(2).
-13
Let u(b) = 11*b**3 - b**2 - 2*b - 1. Calculate u(-1).
-11
Let b(i) = -i**3 + 21*i**2 + 7*i - 139. What is b(21)?
8
Let r(h) = 4*h**2 + 4*h + 1. Give r(-4).
49
Let f(w) = w**2 + 7*w + 1. Calculate f(-6).
-5
Let d(o) = -6*o + 262. Calculate d(44).
-2
Let g(q) = q**3 - 9*q**2 + 2*q + 7. What is g(9)?
25
Let j(m) = m**3 + 20*m**2 + m + 19. Determine j(-20).
-1
Let c(v) = 15*v**2 - v - 1. Give c(1).
13
Let v(q) = -q**2 + 7*q - 6. Determine v(5).
4
Let p(k) = k**2 - 16*k + 68. Calculate p(9).
5
Let x(f) = -f**3 - 25*f**2 - 81*f - 3. What is x(-4)?
-15
Let c(b) = -14*b + 124. What is c(12)?
-44
Let i(n) = -3*n - 14. Calculate i(-11).
19
Let a(o) = o**3 - 9*o**2 + 2*o + 4. Determine a(9).
22
Let q(v) = -v**3 - 22*v**2 - 17*v + 5. What is q(-21)?
-79
Let w(u) = 2*u - 5. Determine w(-2).
-9
Let l(m) = -4*m**3 + 7*m**2 - 10*m + 6. Calculate l(3).
-69
Let x(g) = g**2 - 25*g - 16. Calculate x(26).
10
Let r(l) = 2*l**2 - 19*l + 26. Calculate r(2).
-4
Let m(k) = 16*k + 13. Give m(1).
29
Let d(u) = -u + 15. What is d(11)?
4
Let f(n) = -n - 6. Determine f(-6).
0
Let s(g) = 2*g**3 + 4*g**2 + 5*g + 2. Determine s(-2).
-8
Let i(n) = -2*n**2 - 42*n - 21. What is i(-21)?
-21
Let o(r) = r**2 - 19*r + 39. Determine o(16).
-9
Let z(u) = u**3 - 26*u**2 + 28*u - 45. What is z(25)?
30
Let p(y) = 15*y + 1. What is p(2)?
31
Let q(t) = -19*t - 7. Give q(-1).
12
Let p(k) = -k**3 + 6*k**2 - 2*k + 1. Determine p(4).
25
Let h(g) = 4*g**2 - 13*g - 2. What is h(3)?
-5
Let h(m) = -6*m - 16. Give h(-3).
2
Let w(y) = -y**2 + 10*y - 13. What is w(8)?
3
Let o(x) = 2*x**3 + 9*x**2 + 6*x + 6. Calculate o(-4).
-2
Let t(a) = -a**2 - 13*a + 2. Determine t(-14).
-12
Let w(f) = 21*f + 121. Calculate w(-6).
-5
Let t(d) = d**3 - 7*d**2 + 5*d - 8. Calculate t(6).
-14
Let i(b) = b**3 + 10*b**2 + 10*b + 5. What is i(-9)?
-4
Let t(h) = -h**3 - 5*h**2 - 8*h - 14. What is t(-4)?
2
Let i(w) = 3*w**2 - 44*w - 68. Determine i(16).
-4
Let z(o) = -o**3 - 8*o**2 - 9*o - 10. What is z(-7)?
4
Let w(x) = -x**2 - 12*x - 2. What is w(-4)?
30
Let i(x) = x**3 - 2*x**2 - x - 2. What is i(3)?
4
Let k(n) = -n**3 - 4*n**2 + 16*n + 7. Give k(-6).
-17
Let k(r) = -55*r - 829. Determine k(-15).
-4
Let w(q) = -q**2 - 8*q + 14. What is w(8)?
-114
Let g(y) = 4*y**2 - 7*y + 1. Give g(2).
3
Let l(g) = g**3 + 17*g**2 + 2*g + 13. Calculate l(-17).
-21
Let b(m) = -27*m + 212. What is b(8)?
-4
Let z(w) = -13*w**2 - w - 8. Determine z(0).
-8
Let h(r) = r + 2. Give h(6).
8
Let a(w) = -2*w**3 - 102*w**2 + 105*w + 58. Calculate a(-52).
6
Let w(q) = -2*q - 9. Give w(10).
-29
Let y(l) = 2*l**2 - 4*l + 5. Calculate y(4).
21
Let f(t) = t**2 - 47*t + 136. Determine f(44).
4
Let i(n) = -5*n**2 + 12*n + 11. Calculate i(3).
2
Let q(p) = p**3 + 21*p**2 + 38*p + 7. Calculate q(-19).
7
Let h(n) = -n**2 + 9*n + 12. Determine h(14).
-58
Let m(p) = -p**3 - 14*p**2 + 28*p + 8. What is m(-16)?
72
Let w(f) = f**3 + 10*f*